 is the highest common factor of 50328 and 4104?
216
Calculate the greatest common factor of 308689 and 328.
41
Calculate the highest common divisor of 150220 and 2436.
812
Calculate the greatest common divisor of 12 and 171012.
12
What is the highest common factor of 4151 and 1589?
7
Calculate the highest common divisor of 38 and 4078730.
38
What is the greatest common divisor of 752 and 186308?
188
Calculate the greatest common factor of 48 and 214000.
16
What is the greatest common factor of 5 and 130495?
5
What is the greatest common divisor of 11730 and 11370?
30
Calculate the highest common divisor of 34 and 21471.
17
What is the highest common factor of 4416 and 1488?
48
Calculate the greatest common divisor of 1225 and 8134.
49
What is the greatest common divisor of 172 and 11782?
86
What is the highest common divisor of 32308 and 820?
164
What is the highest common divisor of 15387 and 3979?
23
Calculate the highest common factor of 284 and 45937.
71
What is the highest common factor of 219279 and 38?
19
What is the highest common factor of 438 and 516?
6
Calculate the highest common factor of 1876 and 4280563.
469
Calculate the highest common factor of 6739 and 207.
23
What is the highest common factor of 15255 and 12995?
565
Calculate the greatest common factor of 98446 and 6.
2
Calculate the greatest common divisor of 550 and 20.
10
What is the highest common factor of 2189 and 38009?
199
What is the greatest common divisor of 136726 and 2329?
137
What is the greatest common divisor of 650 and 11180?
130
What is the greatest common divisor of 265133 and 352?
11
Calculate the highest common factor of 1976 and 52744.
152
Calculate the greatest common divisor of 178 and 17088.
178
Calculate the highest common divisor of 1523897 and 867.
289
What is the greatest common divisor of 8127 and 14?
7
Calculate the greatest common factor of 41952 and 324.
12
Calculate the greatest common divisor of 1017 and 1582.
113
What is the highest common divisor of 330 and 54750?
30
Calculate the highest common divisor of 108 and 576972.
36
Calculate the highest common factor of 12803 and 128856.
413
Calculate the highest common divisor of 60 and 63165.
15
What is the highest common factor of 1090712 and 504?
56
What is the greatest common divisor of 10229 and 48919?
53
Calculate the greatest common divisor of 3490553 and 33.
11
Calculate the greatest common divisor of 2331 and 684315.
333
Calculate the highest common divisor of 1739 and 264469.
47
What is the greatest common factor of 194904 and 72?
72
What is the greatest common divisor of 1141514 and 1936?
242
Calculate the greatest common divisor of 8399 and 37001.
227
Calculate the highest common factor of 341 and 15624.
31
Calculate the greatest common factor of 936359 and 37.
37
What is the greatest common factor of 12 and 159904?
4
Calculate the highest common factor of 23421 and 465888.
633
What is the highest common divisor of 3264 and 13736?
136
What is the greatest common divisor of 100 and 278140?
20
What is the highest common divisor of 35840 and 182?
14
Calculate the highest common divisor of 1272810 and 2204.
1102
What is the greatest common factor of 979 and 949719?
89
What is the highest common divisor of 43381 and 188?
47
What is the greatest common factor of 8655 and 29940?
15
What is the highest common factor of 328 and 1880?
8
Calculate the highest common divisor of 5837 and 468.
13
Calculate the highest common factor of 24 and 1363352.
8
Calculate the greatest common divisor of 315984 and 24.
24
What is the highest common factor of 20420696 and 8?
8
What is the highest common divisor of 144 and 208638?
18
What is the highest common factor of 146 and 4438692?
146
Calculate the highest common divisor of 680 and 397800.
680
Calculate the greatest common divisor of 275 and 9471.
11
Calculate the highest common factor of 166 and 5353666.
166
Calculate the highest common divisor of 72 and 382248.
72
What is the greatest common factor of 336 and 2870?
14
Calculate the highest common factor of 3252 and 732.
12
Calculate the greatest common factor of 20 and 1298440.
20
What is the greatest common divisor of 203 and 20329?
29
Calculate the highest common factor of 66066 and 7986.
726
What is the highest common factor of 90763 and 2907?
323
Calculate the highest common factor of 139 and 21267.
139
Calculate the greatest common factor of 11280 and 1140.
60
What is the highest common factor of 167161 and 17?
17
Calculate the highest common factor of 70 and 645005.
5
Calculate the greatest common divisor of 122245 and 805.
115
What is the highest common factor of 126 and 16660?
14
Calculate the greatest common divisor of 15141 and 9261.
147
What is the greatest common divisor of 86 and 11696?
86
What is the greatest common divisor of 11 and 336149?
11
Calculate the greatest common divisor of 216 and 36264.
24
What is the highest common divisor of 11470 and 5365?
185
What is the highest common factor of 1359 and 11031003?
1359
What is the highest common divisor of 3143 and 325076?
449
Calculate the greatest common factor of 596364 and 60.
12
What is the highest common divisor of 1064 and 3743?
19
Calculate the greatest common divisor of 556442 and 244.
122
Calculate the highest common divisor of 582 and 274413.
291
What is the greatest common factor of 1096 and 1233?
137
Calculate the highest common factor of 3644349 and 237.
237
Calculate the highest common factor of 7224 and 61368.
24
Calculate the highest common divisor of 504568 and 708.
236
Calculate the highest common divisor of 534 and 17391846.
534
Calculate the highest common divisor of 704 and 170720.
352
Calculate the highest common divisor of 194385 and 90.
15
What is the highest common divisor of 153619 and 298?
149
Calculate the highest common factor of 232 and 8248.
8
Calculate the greatest common divisor of 1590 and 555334.
106
Calculate the greatest common divisor of 21627 and 1053.
81
Calculate the greatest common factor of 7383 and 4280.
107
Calculate the greatest common divisor of 17422 and 124.
62
What is the highest common divisor of 7016 and 24?
8
What is the greatest common factor of 4545 and 517120?
505
What is the greatest common divisor of 49870 and 70?
10
Calculate the greatest common factor of 84 and 4418036.
28
Calculate the highest common factor of 3913 and 2639.
91
Calculate the highest common factor of 54072 and 72.
72
Calculate the highest common divisor of 630 and 54.
18
Calculate the highest common factor of 953433 and 203.
29
What is the highest common factor of 479118 and 517?
47
What is the highest common factor of 459 and 4947?
51
Calculate the highest common factor of 402 and 346658.
134
What is the greatest common divisor of 300 and 23475?
75
What is the highest common divisor of 942 and 11618?
314
What is the greatest common divisor of 147 and 96852?
21
What is the highest common factor of 9608 and 268?
4
What is the greatest common factor of 10654 and 126?
14
Calculate the greatest common divisor of 2560 and 27620.
20
What is the greatest common factor of 9669 and 66?
33
What is the greatest common divisor of 5150 and 10400?
50
Calculate the greatest common factor of 2275 and 16289.
91
What is the greatest common factor of 4 and 155018?
2
What is the highest common factor of 24786 and 221?
17
Calculate the highest common divisor of 4401 and 20701.
163
Calculate the highest common divisor of 178 and 24742.
178
Calculate the highest common divisor of 234 and 12762.
18
Calculate the greatest common factor of 2091 and 21566.
41
What is the highest common factor of 4854 and 2262?
6
Calculate the highest common divisor of 252 and 65673.
9
Calculate the greatest common factor of 2900 and 1682.
58
What is the greatest common factor of 308 and 14756?
28
Calculate the highest common divisor of 3648 and 1277256.
456
Calculate the highest common divisor of 496 and 784.
16
Calculate the greatest common factor of 278 and 382.
2
Calculate the greatest common factor of 158 and 482.
2
What is the highest common factor of 56785 and 3601?
277
What is the highest common divisor of 792 and 495?
99
Calculate the greatest common factor of 14 and 2012822.
14
Calculate the greatest common divisor of 12798 and 6873.
237
Wh